782. Calculate the greatest common factor of 1085 and g.
35
Let m(k) = 6981*k + 27977. Let c be m(-4). Suppose -2120 = -6*v + v. What is the greatest common factor of v and c?
53
Let m(o) = -2*o - 2. Let l be m(-1). Suppose 17*j - 12*j - 125 = l. Let c = -10 - -35. Calculate the greatest common factor of j and c.
25
Let i(f) = 10*f + 195. Let o be 7 - 12 - -3*5. Let d be i(o). What is the greatest common divisor of d and 59?
59
Let b be ((-8)/48*-195)/((-9)/(-18)). What is the greatest common factor of b and 190?
5
Let c(b) = 3*b**2 + 17*b + 19. Let i = -227 + 221. Let q be c(i). Calculate the greatest common factor of q and 275.
25
Suppose -43*l + 40*l = -99. Suppose -36*i = -l*i - 36. Calculate the greatest common divisor of 1068 and i.
12
Suppose -17*p = -13*p + 4. Let o = 65 - p. Let q = o + -51. What is the highest common divisor of 135 and q?
15
Suppose -153*c + 1443 = -42*c. Calculate the greatest common factor of c and 403.
13
Let a(y) = -y**3 + 4*y**2 - 7*y + 3. Let p be a(3). Let n be ((-126)/(-49))/(p/(-42)). Let d = n - -1. Calculate the greatest common factor of 26 and d.
13
Suppose 15 + 0 = -5*x, 5*g + 3*x = 6. Let p be 804 - (6/g)/(2/4). Calculate the greatest common factor of p and 32.
32
Let t(h) = h**2 - 7*h + 58. Let z be t(13). What is the greatest common divisor of 119 and z?
17
Suppose -3*f + 2444 = 4*q, -q = -4*f + 80 - 672. Calculate the highest common factor of 684 and q.
76
Let b(s) = -5*s**2 - 1481*s + 5735. Let j be b(-300). Let z be (-9)/(-2)*20/6. What is the highest common factor of z and j?
5
Let s = 349 - 188. Suppose -125 = -3*o + 2*o - 5*i, -o + i + 137 = 0. Let q = -112 + o. What is the greatest common divisor of q and s?
23
Let l = 270 + -158. Let o = l + -106. What is the highest common factor of o and 24?
6
Suppose -4 = b + 3*r, -2*b = -0*r + 2*r + 8. Let s be (-1350)/(-216) + 1/b. Calculate the greatest common divisor of s and 45.
3
Let y = -10877 + 17196. What is the highest common divisor of y and 355?
71
Suppose -2138 = -4*z - v, -5*z - 5*v = -9*v - 2641. Calculate the greatest common divisor of z and 1640.
41
Let p be 108*12/(-64)*-4. Let c(x) = x**3 - 7*x**2 - 8*x + 9. Let q be c(8). Calculate the greatest common divisor of p and q.
9
Suppose 1569*r = 1574*r - 95. What is the highest common divisor of r and 9?
1
Suppose 5*j + w = 6860 + 12131, 81 = -9*w. What is the highest common factor of 152 and j?
152
Suppose 36*s - 24 = 28*s. Let i be (1/(-2) - 7/14) + s. Let w be (5 - 164/8)/(i/(-4)). Calculate the greatest common divisor of 31 and w.
31
Let l(r) = 63*r + 438. Let b be l(44). Calculate the highest common divisor of 30 and b.
30
Suppose 16*m = 177 + 319. Suppose 3*y = 0, 341 = -j + 2*j + 2*y. What is the greatest common factor of m and j?
31
Let c = 81 + -9. Let r = 4532 + -4433. What is the greatest common divisor of r and c?
9
Let k = 5575 + -4972. What is the greatest common factor of 63 and k?
9
Let c = 1445 - 1373. What is the greatest common factor of c and 8?
8
Let n = -94 - -108. Let v be (2 + (24/(-7))/4)*n. Calculate the greatest common divisor of v and 216.
8
Let i = 1138 + -668. Let w = i - 278. Calculate the highest common factor of 32 and w.
32
Suppose 4*z - 6 = 2*z + 2*g, -5*z + 45 = g. Let n be (-861)/(-24) - (-1)/z. What is the highest common factor of n and 20?
4
Suppose -17*g + 385*g - 86567 = 406921. What is the highest common factor of g and 45?
9
Suppose -5*x + 2*x - 30 = 0. Let z = 11 - x. Let r = 4468 - 4363. What is the highest common divisor of z and r?
21
Let n(p) = -p**3 + 8*p**2 + 4. Let d be n(8). Let k = 15 - 9. Suppose -k*a + 5*a = -d. What is the greatest common divisor of a and 6?
2
Suppose 222*w + 749 = 2303. Let h be 305 + -2 - 2*1. What is the highest common divisor of w and h?
7
Let f = -75 + 975. What is the highest common factor of f and 18?
18
Let t = 62786 - 62747. Suppose 5*n - 3*x = 9, 3*n + 2*n = 5*x + 5. What is the highest common factor of n and t?
3
Suppose 2*w = 2*k - 12, -k + 30 - 12 = 3*w. Let m = -128 - -122. Let v(o) = o**2 - 5*o - 3. Let t be v(m). Calculate the greatest common divisor of k and t.
9
Let i = -92 - -104. Let y(z) = 107*z**3 - 2*z**2 + 1. Let s be y(-1). Let r = s + 156. Calculate the highest common divisor of i and r.
12
Let h = 1267 + -1110. What is the highest common divisor of 13973 and h?
157
Suppose y - 3*c - 27 = 0, 42*y + 3*c = 44*y - 57. Calculate the greatest common divisor of 195 and y.
15
Let k be ((-10)/4)/((-28)/1288). Suppose -2*f - 27 + k = 2*n, 0 = n - f - 40. Calculate the greatest common divisor of 42 and n.
42
Let x be (-5432)/(-18) - ((-126)/(-81))/(-7). Let g = -221 + x. Calculate the greatest common divisor of g and 3.
3
Suppose 44005 = 160*y - 55*y - 102155. What is the highest common factor of 261 and y?
87
Let d be 150765/2070 - (-20)/(-24). Suppose -o + 320 = -184. What is the highest common factor of d and o?
72
Suppose -5*i + 3*a + 1235 = 399, 5*a = 2*i - 323. What is the highest common factor of i and 221?
13
Let g be (-4)/(13/((-234)/4)). Suppose g*h - 17*h = 10. Calculate the highest common factor of h and 130.
10
Let k = 63 - 27. Let h = 3123 + -3118. Suppose 0 = 3*p - h*p + k. Calculate the highest common divisor of p and 2.
2
Suppose -14*o + 857 + 963 = 0. Suppose -86 + 346 = 5*g. Calculate the greatest common divisor of g and o.
26
Suppose 2*h + 19 = 3*u, 69*u + 31 = 71*u - 5*h. Suppose -3*f + 1833 = -2*q, -4*f - 2445 = -8*f + u*q. Calculate the greatest common factor of f and 87.
87
Suppose y - 228 + 49 = 0. Let r = 471 - y. Let s = r + -148. Calculate the highest common factor of s and 18.
18
Let n(t) = -7*t - 5. Let j be n(-4). Let c = 72 + -93. Let m(v) = -v**2 - 22*v + 25. Let f be m(c). Calculate the highest common factor of f and j.
23
Suppose -9*r - 48 = -15*r. Suppose -3*a = -r*a + 70. What is the highest common divisor of a and 112?
14
Suppose 3*u - 3*t - 78 = 0, 4*t + 42 + 38 = 3*u. Suppose -4*s = -r + 4 + 56, 117 = 2*r - 5*s. Calculate the greatest common factor of r and u.
8
Suppose 3*q = 0, -4*z + 2*z + 18 = 5*q. Let a(h) = h**2 - 18*h + 91. Let w be a(z). What is the greatest common divisor of 25 and w?
5
Suppose -4*a + 300 = -v, 104 = 2*a - 3*v - 46. Suppose 66*x - a*x = -3654. Calculate the highest common factor of 116 and x.
58
Let p = -13 + 17. Let j be p/(((3 + -2)*-1)/(-22)). Calculate the greatest common factor of 11 and j.
11
Let g = -7246 - -9013. What is the greatest common divisor of 1395 and g?
93
Let x be (-30)/(-195) - (4/(-18) - (-148515)/(-1755)). Let o(y) = -y**2 + 34. Let n be o(0). What is the highest common factor of n and x?
17
Let y = 7716 - 7254. Let d be 0 - (22*-3 + 3). What is the highest common factor of y and d?
21
Let g(b) = b**2 + 7*b - 23. Let t = -66 + 70. Let n be g(t). Let y = 259 - 91. What is the highest common factor of n and y?
21
Let k be 15 + (-3 - (14 + -6)). What is the highest common divisor of 183 and k?
1
Let k(h) be the third derivative of h**4/6 + 7*h**3/2 - 2*h**2 + 78. Let w be k(-3). Calculate the greatest common factor of 72 and w.
9
Let h be 11/11*1*113. Calculate the greatest common divisor of 2599 and h.
113
Suppose 3*f = 4*o - 275 - 100, -2*o + 184 = 2*f. Suppose 4*z = -4*x + 144, 29*x + z - 758 = 146. What is the greatest common factor of o and x?
31
Let n(m) = 3*m**2 + 11*m - 9. Let u(c) = 7*c**2 + 23*c - 19. Let v(z) = -5*n(z) + 2*u(z). Let i be v(-9). Calculate the highest common divisor of 49 and i.
7
Let t be (4104/(-798))/((-3)/252 - 0). What is the highest common factor of 9612 and t?
108
Let z be 22/9 + -2 + (-420)/(-27) + 16. What is the greatest common divisor of 1000 and z?
8
Suppose -4*l - 4*y + 1065 = -9*y, 0 = 3*l - y - 807. Suppose 0 = 3*n + 45 - 39, -4*j - 2*n = -36. Calculate the greatest common divisor of l and j.
10
Suppose -698*a = -695*a - 2*g - 1038, 0 = -3*a - 3*g + 1053. What is the highest common factor of a and 96?
12
Suppose 4*f - 24 = 3*v, -5*v - 1 = -3*f - 7*v. Suppose -5*l + 5*g + 565 = 0, f*g - 397 = -4*l + 76. Calculate the greatest common factor of l and 4.
4
Suppose 4881*o - 18 = 4878*o. What is the greatest common divisor of o and 1194?
6
Suppose 0 = -5*u + 20, 0 = -2*p - 3*u + 13 + 25. Let r = 15 + p. Let y(w) = -76*w - 6. Let t be y(-1). What is the greatest common factor of t and 